{"id":34576,"date":"2025-09-26T21:49:23","date_gmt":"2025-09-26T19:49:23","guid":{"rendered":"https:\/\/www.rajjerbox.fr\/?post_type=product&#038;p=34576"},"modified":"2025-09-26T21:49:23","modified_gmt":"2025-09-26T19:49:23","slug":"ardoise-33-7w-demi-ronde-rheinzink-finition","status":"publish","type":"product","link":"https:\/\/www.rajjerbox.fr\/index.php\/produit\/ardoise-33-7w-demi-ronde-rheinzink-finition\/","title":{"rendered":"Ardoise 33 7w demi ronde Rheinzink finition"},"content":{"rendered":"<p>Pour demi-ronde en 33, finition Rheinzink Ardoise, IP 68 7W 3000K blanc chaud. A espacer de 4 m\u00e8tres pour un rendu architectural sur vos fa\u00e7ades. Pas de per\u00e7age ou de modification sur votre installation pr\u00e9sente. Ils s&#8217;agrafent par dessous, les c\u00e2blages suivent les ch\u00e9neaux en partie haute le long des fixations, connections \u00e9tanches, c\u00e2ble anti UV, jusqu&#8217;\u00e0 un autre luminaire ou la source d&#8217;alimentation.<\/p>\n","protected":false},"excerpt":{"rendered":"<p>Pour demi-ronde en 33, finition Rheinzink Ardoise, IP 68 7W 3000K blanc chaud. A espacer de 4 m\u00e8tres pour un rendu architectural sur vos fa\u00e7ades. Pas de per\u00e7age ou de modification sur votre installation pr\u00e9sente. Ils s&#8217;agrafent par dessous, les c\u00e2blages suivent les ch\u00e9neaux en partie haute le long des fixations, connections \u00e9tanches, c\u00e2ble anti [&hellip;]<\/p>\n","protected":false},"featured_media":34529,"comment_status":"open","ping_status":"closed","template":"","meta":[],"product_brand":[181],"product_cat":[191,188],"product_tag":[],"class_list":{"0":"post-34576","1":"product","2":"type-product","3":"status-publish","4":"has-post-thumbnail","6":"product_brand-rajjerbox","7":"product_cat-gouttiere","8":"product_cat-zinc","11":"first","12":"instock","13":"shipping-taxable","14":"purchasable","15":"product-type-simple"},"yoast_head":"<!-- This site is optimized with the Yoast SEO plugin v27.4 - https:\/\/yoast.com\/product\/yoast-seo-wordpress\/ -->\n<title>Ardoise 33 7w demi ronde Rheinzink finition - Rajjerbox<\/title>\n<meta name=\"robots\" content=\"index, follow, max-snippet:-1, max-image-preview:large, max-video-preview:-1\" \/>\n<link rel=\"canonical\" href=\"https:\/\/www.rajjerbox.fr\/index.php\/produit\/ardoise-33-7w-demi-ronde-rheinzink-finition\/\" \/>\n<meta property=\"og:locale\" content=\"fr_FR\" \/>\n<meta property=\"og:type\" content=\"article\" \/>\n<meta property=\"og:title\" content=\"Ardoise 33 7w demi ronde Rheinzink finition - Rajjerbox\" \/>\n<meta property=\"og:description\" content=\"Pour demi-ronde en 33, finition Rheinzink Ardoise, IP 68 7W 3000K blanc chaud. A espacer de 4 m\u00e8tres pour un rendu architectural sur vos fa\u00e7ades. Pas de per\u00e7age ou de modification sur votre installation pr\u00e9sente. Ils s&#8217;agrafent par dessous, les c\u00e2blages suivent les ch\u00e9neaux en partie haute le long des fixations, connections \u00e9tanches, c\u00e2ble anti [&hellip;]\" \/>\n<meta property=\"og:url\" content=\"https:\/\/www.rajjerbox.fr\/index.php\/produit\/ardoise-33-7w-demi-ronde-rheinzink-finition\/\" \/>\n<meta property=\"og:site_name\" content=\"Rajjerbox\" \/>\n<meta property=\"article:publisher\" content=\"https:\/\/www.facebook.com\/rajjerbox\/\" \/>\n<meta property=\"og:image\" content=\"https:\/\/www.rajjerbox.fr\/wp-content\/uploads\/2025\/09\/IMG_1066-rotated.jpg\" \/>\n\t<meta property=\"og:image:width\" content=\"480\" \/>\n\t<meta property=\"og:image:height\" content=\"640\" \/>\n\t<meta property=\"og:image:type\" content=\"image\/jpeg\" \/>\n<meta name=\"twitter:card\" content=\"summary_large_image\" \/>\n<meta name=\"twitter:label1\" content=\"Dur\u00e9e de lecture estim\u00e9e\" \/>\n\t<meta name=\"twitter:data1\" content=\"1 minute\" \/>\n<script type=\"application\/ld+json\" class=\"yoast-schema-graph\">{\"@context\":\"https:\\\/\\\/schema.org\",\"@graph\":[{\"@type\":\"WebPage\",\"@id\":\"https:\\\/\\\/www.rajjerbox.fr\\\/index.php\\\/produit\\\/ardoise-33-7w-demi-ronde-rheinzink-finition\\\/\",\"url\":\"https:\\\/\\\/www.rajjerbox.fr\\\/index.php\\\/produit\\\/ardoise-33-7w-demi-ronde-rheinzink-finition\\\/\",\"name\":\"Ardoise 33 7w demi ronde Rheinzink finition - Rajjerbox\",\"isPartOf\":{\"@id\":\"https:\\\/\\\/www.rajjerbox.com\\\/#website\"},\"primaryImageOfPage\":{\"@id\":\"https:\\\/\\\/www.rajjerbox.fr\\\/index.php\\\/produit\\\/ardoise-33-7w-demi-ronde-rheinzink-finition\\\/#primaryimage\"},\"image\":{\"@id\":\"https:\\\/\\\/www.rajjerbox.fr\\\/index.php\\\/produit\\\/ardoise-33-7w-demi-ronde-rheinzink-finition\\\/#primaryimage\"},\"thumbnailUrl\":\"https:\\\/\\\/www.rajjerbox.fr\\\/wp-content\\\/uploads\\\/2025\\\/09\\\/IMG_1066-rotated.jpg\",\"datePublished\":\"2025-09-26T19:49:23+00:00\",\"breadcrumb\":{\"@id\":\"https:\\\/\\\/www.rajjerbox.fr\\\/index.php\\\/produit\\\/ardoise-33-7w-demi-ronde-rheinzink-finition\\\/#breadcrumb\"},\"inLanguage\":\"fr-FR\",\"potentialAction\":[{\"@type\":\"ReadAction\",\"target\":[\"https:\\\/\\\/www.rajjerbox.fr\\\/index.php\\\/produit\\\/ardoise-33-7w-demi-ronde-rheinzink-finition\\\/\"]}]},{\"@type\":\"ImageObject\",\"inLanguage\":\"fr-FR\",\"@id\":\"https:\\\/\\\/www.rajjerbox.fr\\\/index.php\\\/produit\\\/ardoise-33-7w-demi-ronde-rheinzink-finition\\\/#primaryimage\",\"url\":\"https:\\\/\\\/www.rajjerbox.fr\\\/wp-content\\\/uploads\\\/2025\\\/09\\\/IMG_1066-rotated.jpg\",\"contentUrl\":\"https:\\\/\\\/www.rajjerbox.fr\\\/wp-content\\\/uploads\\\/2025\\\/09\\\/IMG_1066-rotated.jpg\",\"width\":480,\"height\":640},{\"@type\":\"BreadcrumbList\",\"@id\":\"https:\\\/\\\/www.rajjerbox.fr\\\/index.php\\\/produit\\\/ardoise-33-7w-demi-ronde-rheinzink-finition\\\/#breadcrumb\",\"itemListElement\":[{\"@type\":\"ListItem\",\"position\":1,\"name\":\"Accueil\",\"item\":\"https:\\\/\\\/www.rajjerbox.fr\\\/\"},{\"@type\":\"ListItem\",\"position\":2,\"name\":\"Boutique\",\"item\":\"https:\\\/\\\/www.rajjerbox.fr\\\/index.php\\\/boutique\\\/\"},{\"@type\":\"ListItem\",\"position\":3,\"name\":\"Ardoise 33 7w demi ronde Rheinzink finition\"}]},{\"@type\":\"WebSite\",\"@id\":\"https:\\\/\\\/www.rajjerbox.com\\\/#website\",\"url\":\"https:\\\/\\\/www.rajjerbox.com\\\/\",\"name\":\"Rajjerbox\",\"description\":\"L&#039;\u00e9clairage de qualit\u00e9\",\"publisher\":{\"@id\":\"https:\\\/\\\/www.rajjerbox.com\\\/#organization\"},\"potentialAction\":[{\"@type\":\"SearchAction\",\"target\":{\"@type\":\"EntryPoint\",\"urlTemplate\":\"https:\\\/\\\/www.rajjerbox.com\\\/?s={search_term_string}\"},\"query-input\":{\"@type\":\"PropertyValueSpecification\",\"valueRequired\":true,\"valueName\":\"search_term_string\"}}],\"inLanguage\":\"fr-FR\"},{\"@type\":\"Organization\",\"@id\":\"https:\\\/\\\/www.rajjerbox.com\\\/#organization\",\"name\":\"Rajjerbox\",\"url\":\"https:\\\/\\\/www.rajjerbox.com\\\/\",\"logo\":{\"@type\":\"ImageObject\",\"inLanguage\":\"fr-FR\",\"@id\":\"https:\\\/\\\/www.rajjerbox.com\\\/#\\\/schema\\\/logo\\\/image\\\/\",\"url\":\"https:\\\/\\\/www.rajjerbox.com\\\/wp-content\\\/uploads\\\/2021\\\/10\\\/Logo-rajjerbox-eclairage-02.png\",\"contentUrl\":\"https:\\\/\\\/www.rajjerbox.com\\\/wp-content\\\/uploads\\\/2021\\\/10\\\/Logo-rajjerbox-eclairage-02.png\",\"width\":592,\"height\":592,\"caption\":\"Rajjerbox\"},\"image\":{\"@id\":\"https:\\\/\\\/www.rajjerbox.com\\\/#\\\/schema\\\/logo\\\/image\\\/\"},\"sameAs\":[\"https:\\\/\\\/www.facebook.com\\\/rajjerbox\\\/\",\"https:\\\/\\\/www.instagram.com\\\/rajjerbox\\\/?hl=fr\"]}]}<\/script>\n<!-- \/ Yoast SEO plugin. -->","yoast_head_json":{"title":"Ardoise 33 7w demi ronde Rheinzink finition - Rajjerbox","robots":{"index":"index","follow":"follow","max-snippet":"max-snippet:-1","max-image-preview":"max-image-preview:large","max-video-preview":"max-video-preview:-1"},"canonical":"https:\/\/www.rajjerbox.fr\/index.php\/produit\/ardoise-33-7w-demi-ronde-rheinzink-finition\/","og_locale":"fr_FR","og_type":"article","og_title":"Ardoise 33 7w demi ronde Rheinzink finition - Rajjerbox","og_description":"Pour demi-ronde en 33, finition Rheinzink Ardoise, IP 68 7W 3000K blanc chaud. A espacer de 4 m\u00e8tres pour un rendu architectural sur vos fa\u00e7ades. Pas de per\u00e7age ou de modification sur votre installation pr\u00e9sente. Ils s&#8217;agrafent par dessous, les c\u00e2blages suivent les ch\u00e9neaux en partie haute le long des fixations, connections \u00e9tanches, c\u00e2ble anti [&hellip;]","og_url":"https:\/\/www.rajjerbox.fr\/index.php\/produit\/ardoise-33-7w-demi-ronde-rheinzink-finition\/","og_site_name":"Rajjerbox","article_publisher":"https:\/\/www.facebook.com\/rajjerbox\/","og_image":[{"width":480,"height":640,"url":"https:\/\/www.rajjerbox.fr\/wp-content\/uploads\/2025\/09\/IMG_1066-rotated.jpg","type":"image\/jpeg"}],"twitter_card":"summary_large_image","twitter_misc":{"Dur\u00e9e de lecture estim\u00e9e":"1 minute"},"schema":{"@context":"https:\/\/schema.org","@graph":[{"@type":"WebPage","@id":"https:\/\/www.rajjerbox.fr\/index.php\/produit\/ardoise-33-7w-demi-ronde-rheinzink-finition\/","url":"https:\/\/www.rajjerbox.fr\/index.php\/produit\/ardoise-33-7w-demi-ronde-rheinzink-finition\/","name":"Ardoise 33 7w demi ronde Rheinzink finition - Rajjerbox","isPartOf":{"@id":"https:\/\/www.rajjerbox.com\/#website"},"primaryImageOfPage":{"@id":"https:\/\/www.rajjerbox.fr\/index.php\/produit\/ardoise-33-7w-demi-ronde-rheinzink-finition\/#primaryimage"},"image":{"@id":"https:\/\/www.rajjerbox.fr\/index.php\/produit\/ardoise-33-7w-demi-ronde-rheinzink-finition\/#primaryimage"},"thumbnailUrl":"https:\/\/www.rajjerbox.fr\/wp-content\/uploads\/2025\/09\/IMG_1066-rotated.jpg","datePublished":"2025-09-26T19:49:23+00:00","breadcrumb":{"@id":"https:\/\/www.rajjerbox.fr\/index.php\/produit\/ardoise-33-7w-demi-ronde-rheinzink-finition\/#breadcrumb"},"inLanguage":"fr-FR","potentialAction":[{"@type":"ReadAction","target":["https:\/\/www.rajjerbox.fr\/index.php\/produit\/ardoise-33-7w-demi-ronde-rheinzink-finition\/"]}]},{"@type":"ImageObject","inLanguage":"fr-FR","@id":"https:\/\/www.rajjerbox.fr\/index.php\/produit\/ardoise-33-7w-demi-ronde-rheinzink-finition\/#primaryimage","url":"https:\/\/www.rajjerbox.fr\/wp-content\/uploads\/2025\/09\/IMG_1066-rotated.jpg","contentUrl":"https:\/\/www.rajjerbox.fr\/wp-content\/uploads\/2025\/09\/IMG_1066-rotated.jpg","width":480,"height":640},{"@type":"BreadcrumbList","@id":"https:\/\/www.rajjerbox.fr\/index.php\/produit\/ardoise-33-7w-demi-ronde-rheinzink-finition\/#breadcrumb","itemListElement":[{"@type":"ListItem","position":1,"name":"Accueil","item":"https:\/\/www.rajjerbox.fr\/"},{"@type":"ListItem","position":2,"name":"Boutique","item":"https:\/\/www.rajjerbox.fr\/index.php\/boutique\/"},{"@type":"ListItem","position":3,"name":"Ardoise 33 7w demi ronde Rheinzink finition"}]},{"@type":"WebSite","@id":"https:\/\/www.rajjerbox.com\/#website","url":"https:\/\/www.rajjerbox.com\/","name":"Rajjerbox","description":"L&#039;\u00e9clairage de qualit\u00e9","publisher":{"@id":"https:\/\/www.rajjerbox.com\/#organization"},"potentialAction":[{"@type":"SearchAction","target":{"@type":"EntryPoint","urlTemplate":"https:\/\/www.rajjerbox.com\/?s={search_term_string}"},"query-input":{"@type":"PropertyValueSpecification","valueRequired":true,"valueName":"search_term_string"}}],"inLanguage":"fr-FR"},{"@type":"Organization","@id":"https:\/\/www.rajjerbox.com\/#organization","name":"Rajjerbox","url":"https:\/\/www.rajjerbox.com\/","logo":{"@type":"ImageObject","inLanguage":"fr-FR","@id":"https:\/\/www.rajjerbox.com\/#\/schema\/logo\/image\/","url":"https:\/\/www.rajjerbox.com\/wp-content\/uploads\/2021\/10\/Logo-rajjerbox-eclairage-02.png","contentUrl":"https:\/\/www.rajjerbox.com\/wp-content\/uploads\/2021\/10\/Logo-rajjerbox-eclairage-02.png","width":592,"height":592,"caption":"Rajjerbox"},"image":{"@id":"https:\/\/www.rajjerbox.com\/#\/schema\/logo\/image\/"},"sameAs":["https:\/\/www.facebook.com\/rajjerbox\/","https:\/\/www.instagram.com\/rajjerbox\/?hl=fr"]}]}},"_links":{"self":[{"href":"https:\/\/www.rajjerbox.fr\/index.php\/wp-json\/wp\/v2\/product\/34576","targetHints":{"allow":["GET"]}}],"collection":[{"href":"https:\/\/www.rajjerbox.fr\/index.php\/wp-json\/wp\/v2\/product"}],"about":[{"href":"https:\/\/www.rajjerbox.fr\/index.php\/wp-json\/wp\/v2\/types\/product"}],"replies":[{"embeddable":true,"href":"https:\/\/www.rajjerbox.fr\/index.php\/wp-json\/wp\/v2\/comments?post=34576"}],"wp:featuredmedia":[{"embeddable":true,"href":"https:\/\/www.rajjerbox.fr\/index.php\/wp-json\/wp\/v2\/media\/34529"}],"wp:attachment":[{"href":"https:\/\/www.rajjerbox.fr\/index.php\/wp-json\/wp\/v2\/media?parent=34576"}],"wp:term":[{"taxonomy":"product_brand","embeddable":true,"href":"https:\/\/www.rajjerbox.fr\/index.php\/wp-json\/wp\/v2\/product_brand?post=34576"},{"taxonomy":"product_cat","embeddable":true,"href":"https:\/\/www.rajjerbox.fr\/index.php\/wp-json\/wp\/v2\/product_cat?post=34576"},{"taxonomy":"product_tag","embeddable":true,"href":"https:\/\/www.rajjerbox.fr\/index.php\/wp-json\/wp\/v2\/product_tag?post=34576"}],"curies":[{"name":"wp","href":"https:\/\/api.w.org\/{rel}","templated":true}]}}